-2*i + 0*i + 136 = 0. Suppose -5*t + 0*t + 4*f + 152 = 0, i = 2*t - 4*f. What is the remainder when 25 is divided by (t/6)/(2/3)?
4
Suppose -54 = -2*h - 5*r, -3*r = -2*h - r + 26. What is the remainder when 32 is divided by h?
15
Let v = 19 + -12. Suppose -3*z - 2*k - v = -20, 2*z + 4*k = 6. Suppose i - 10 = 4*n, -43 = -3*i + n + 9. What is the remainder when i is divided by z?
3
Suppose -4*u + 22 = -38. Suppose -2*v + 4*v = 154. What is the remainder when v is divided by (12/u)/(2/50)?
17
Let d = 7 + 2. Suppose 0 = z - 4*o + d, -o = 2*z + o - 22. Let y = 13 - -6. Calculate the remainder when y is divided by z.
5
Let f = -1 - -28. Let s = 53 + -13. Calculate the remainder when s is divided by (-6)/(-5)*315/f.
12
Let t = 16 - 1. Suppose -4*h = -t - 13. What is the remainder when h is divided by 5?
2
Let a(d) = -15*d - 1. Let j = 15 - 14. Let b be a(j). Let l = -1 - b. What is the remainder when l is divided by 6?
3
Let o be -2 + 9/4 - (-230)/40. Suppose -12*u = -14*u + o. Calculate the remainder when 6 is divided by u.
0
Calculate the remainder when (14/6)/(((-70)/21)/(-10)) is divided by 1.
0
Let h(c) = 220*c**2 - 13*c - 15. Calculate the remainder when h(-1) is divided by 13.
10
Calculate the remainder when -2*3/12*8 - -293 is divided by 73.
70
Let f(d) = 10*d + 6. Calculate the remainder when 218 is divided by f(4).
34
Let g(l) = 16*l + 245. What is the remainder when 166 is divided by g(-14)?
19
Suppose 0*j - 2*j + 6 = 0. Let v = -2 - -1. Let k = 9 - v. What is the remainder when k is divided by j?
1
Let r(c) = c**2 - 3. What is the remainder when 2/(2/(-3)) - (-90)/(35/7) is divided by r(-3)?
3
Suppose 10 = -10*o + 560. Calculate the remainder when o is divided by 29.
26
What is the remainder when (-1 + 0)/(56/(-3192)) is divided by 35?
22
Suppose -2*b + 11 = -27. Let f(z) = -z. Let l be f(-1). Let j = l - -10. Calculate the remainder when b is divided by j.
8
Suppose -w + 8708 - 8686 = 0. Suppose -6*b = -b - 20. What is the remainder when w is divided by b?
2
Let g = 2 - 2. Suppose 11*l - 10*l = g. Suppose o = -l*o + 11. Calculate the remainder when o is divided by 6.
5
Let r(k) = 4*k - 6 + 4*k**2 - 11 + 29 - 10. Calculate the remainder when r(-3) is divided by 18.
8
Suppose l + 3 = -4*a, -3*a + 5*l = -0*l - 15. Suppose 0*f + 5*x - 5 = 3*f, a = f + x - 9. What is the remainder when -4 + 4 - (2 + -20) is divided by f?
3
Suppose 3*x + 45 = 4*x. Suppose z + x = 2*z. Suppose -4*n + z = n. Calculate the remainder when 16 is divided by n.
7
Let y(l) = -6*l**2 - 132*l + 53. What is the remainder when y(-22) is divided by 18?
17
Let y = 44 + -39. Let o be -2 + 3 + y + -4. Suppose o*u + 4*p = 5*u - 61, -3*p = -4*u + 72. Calculate the remainder when 26 is divided by u.
11
Suppose -16*m = -33*m + 6715. Calculate the remainder when m is divided by 2.
1
Let u(f) = -22*f**3 + f**2 + 1. What is the remainder when u(-2) is divided by 36 + -2 + (-72)/9?
25
Let h be -1*2/2 - (-57)/3. Suppose -b - 6 = -h. What is the remainder when b is divided by 2?
0
Let g(r) = -3*r**2 + 9*r - 3. Let m be g(6). Let f = m - -114. Suppose 5*n - 5*v - 70 = 0, 2*v + 76 = 5*n + 3*v. What is the remainder when f is divided by n?
12
Let j be 1*(-12)/(1 + -3). Suppose 4*t + 5*o = -j, 4 - 3 = -t - o. Calculate the remainder when 5 is divided by t.
0
What is the remainder when 169 is divided by 2254/(-42)*30/(-35)?
31
Let o(g) = -9*g + 13. Calculate the remainder when o(-9) is divided by 36*(4 + 30/(-9)).
22
Let y(j) = -20*j + 210. What is the remainder when y(9) is divided by 16?
14
Let x be (-10)/(-15)*(-15)/(-2). Suppose x*r + 175 = 5*h, 4*h + 0*r - 108 = -4*r. Let a = 245 - 155. What is the remainder when a is divided by h?
28
Let g = 71 - 63. Calculate the remainder when 46 is divided by g.
6
Suppose 2*o - 8 = 4*o + a, 0 = -4*o - 4*a - 24. Let j(y) = -y**3 - 4*y**2 + 2*y + 7. What is the remainder when -2 - 89*(o - -1) is divided by j(-5)?
21
Let m(i) be the first derivative of i**2 + 37*i - 23. Calculate the remainder when m(-14) is divided by 5.
4
What is the remainder when (-5 + 11)/(4 + 4)*36 is divided by 15?
12
Let x = 7 - 5. Suppose o - 21 = -i, -6*i + x*i + 4*o + 76 = 0. What is the remainder when i is divided by 7?
6
Suppose 0 = -14*m + 16*m + 8. Let t(p) = p**3 + 6*p**2 + 6*p + 4. Suppose 3*x + 0*s = 3*s + 156, 5*s = x - 72. What is the remainder when x is divided by t(m)?
11
Let f = -128 + 171. Suppose -f*d = -41*d - 20. What is the remainder when 24 is divided by d?
4
Suppose 3*y + 3*m = 447, -2*y + 282 = 7*m - 9*m. Calculate the remainder when y is divided by 74.
71
Let y = 7 - -104. Suppose 23 = 5*q - 4*q. What is the remainder when y is divided by q?
19
Let b = 116 + -71. Let z(i) = 2*i - 11. Let o be z(7). Suppose -5*x = -4*t - 52, o*x - 4*t = -0*x + 28. Calculate the remainder when b is divided by x.
9
Let u(l) = l + 81. Suppose 5*b = -9 + 244. What is the remainder when b is divided by u(-57)?
23
Suppose t - 67 = 3*z, 2*t - 22 = 3*z + 43. Let f(n) = n**2 + 21*n - 6. What is the remainder when f(z) is divided by 14?
12
Let f be -20*(2 - 1 - 0). Let p = -2 - f. Let x(w) = -4*w - 6. What is the remainder when p is divided by x(-4)?
8
Let s = -4 - -9. Suppose -3*k + s*k = 8. Let y(i) = -i**2 + 6*i. Calculate the remainder when 12 is divided by y(k).
4
Let x(j) = -j - 18. Let l be x(-18). Suppose -v - v = l. Suppose d - 32 = -v*d. What is the remainder when d is divided by 7?
4
Let u = 853 + -837. Calculate the remainder when 25 is divided by u.
9
Suppose 3 = 4*d - 3*o, 4*d = -o + 10 + 5. Calculate the remainder when 13 is divided by (-5)/((-15)/6) + d.
3
Suppose 0 = 4*p - 141 - 87. Calculate the remainder when 281 is divided by p.
53
Suppose 5*j + 121 = -139. Let n = j - -89. Let f(d) = 3*d**2 + 2*d + 2. Calculate the remainder when n is divided by f(-2).
7
Let d(k) = -5*k + 176. Calculate the remainder when 646 is divided by d(34).
4
Suppose 0 = 2*s + 3*s - 25. Suppose 3*p + s*f + 0*f - 29 = 0, -7 = -p - f. Calculate the remainder when 9 is divided by p.
0
Let q(m) = m**3 + 10*m**2 - 19*m - 30. Let a = -16 + 32. What is the remainder when q(-11) is divided by a?
10
Let v(x) = -x**3 + 19*x**2 - 2*x + 18. Let t be v(19). Let p = -3 - t. What is the remainder when 66 is divided by p?
15
Let u = -23 + -33. Let x = u - -67. Suppose 3*j - 12 = -j. Calculate the remainder when x is divided by j.
2
Suppose -39*z + 4900 = -32*z. Calculate the remainder when z is divided by 54.
52
Let b be (2 + -4)*10*(-7)/14. Suppose -63 = -b*n + 57. What is the remainder when 24 is divided by n?
0
Let q = 422 + -418. What is the remainder when 39 is divided by q?
3
Let n = -233 - -240. Calculate the remainder when 1/(-3) + (-568)/(-12) is divided by n.
5
Let i(x) = x**3 + x**2 - 5*x - 5. Let g be i(0). What is the remainder when 23 is divided by 0 + -3 + 7 - g?
5
Let s(k) = 2*k**2 - k - 4. Calculate the remainder when (-195 - -280) + 1 + -1 is divided by s(4).
13
Let v(s) be the first derivative of 2*s**4 - s**3/3 - s - 1. What is the remainder when v(2) is divided by 2*5*9/6?
14
Let n(v) = 8*v**2 + v - 1. Let q be n(1). Let a(s) = 21*s**2 - 49*s**2 + 9 + 29*s**2 - 7*s. Calculate the remainder when 32 is divided by a(q).
15
Suppose 7*t + 81 = 249. What is the remainder when 63 is divided by t?
15
Suppose 0 = -11*z + 12*z - 5, -2*p = -4*z - 210. What is the remainder when p is divided by 12?
7
What is the remainder when ((-3174)/483)/(1/(-21)) is divided by 35?
33
Suppose 52 = 2*x - 4*u, -4*x - 2*u + u + 149 = 0. Calculate the remainder when x is divided by (-152)/6*(-12)/16.
17
Let r = 3 + 197. Suppose 36*x = 41*x - r. Calculate the remainder when x is divided by 22.
18
Let q = -87 - -47. Let c = -7 - q. What is the remainder when 65 is divided by c?
32
Let z(t) = -t**2 - 46*t - 434. Calculate the remainder when 136 is divided by z(-16).
44
Let u = 26 - 11. Calculate the remainder when (-92 + 0)/(328/(-246)) is divided by u.
9
Suppose 4*l + 20 = c, 0 = c + 4*l + l + 7. Let g(t) = -t**3 - 7*t**2 - 2*t - 4. Let p be g(-7). Calculate the remainder when 330/12*8/p is divided by c.
6
Let f = -1261 - -1443. What is the remainder when f is divided by (1 - 4/3)*-111?
34
Suppose -9*n + 11*n = a + 58, -a - 87 = -3*n. What is the remainder when 83 is divided by n?
25
Calculate the remainder w